?
2
What is the value of 3 + -12 + (12 - 6)?
-3
What is the value of 2 + -1 + 2 + -5 + 4?
2
What is (-1 - 6) + (10 - -10) + -7?
6
Calculate 0 - (1 + 0 + -33 + 30).
2
3 + -10 + -1 + 1
-7
What is the value of -1 - (5 + -5 + 4)?
-5
What is (6 - 16 - -5) + -2 + 0?
-7
Evaluate (2 - 11) + 9 + 0.
0
0 - (19 - 12 - 5)
-2
Calculate (-5 - (4 + -3)) + 3 + 5.
2
Evaluate -14 + 21 - (0 - -2).
5
Calculate (1 - 6) + (0 - -6).
1
Calculate ((-3 - 3) + 2 - 3) + 2.
-5
What is the value of -11 + 3 + -1 + 7?
-2
Evaluate 4 - (-4 + -3 + 9).
2
Calculate -9 - (-14 - -11 - 6).
0
What is the value of (1 + -2 - -2) + -115 + 112?
-2
What is 1 - (-8 - -3 - (2 - 13))?
-5
Calculate -15 - -25 - (9 - 4).
5
What is the value of -2 + (15 - 10 - 10)?
-7
Calculate (-4 - -3) + -5 - -3 - 1.
-4
Evaluate 230 + -232 - (-1 - -8 - 0).
-9
Evaluate 7 + -8 - 5 - -8.
2
Evaluate -8 + (-1 - (-10 - -5)).
-4
Calculate 3 + 5 + (-4 - -5).
9
Evaluate (0 + -4 - (0 + -2)) + 5.
3
Calculate -8 + -4 + 7 + 8.
3
Evaluate -8 + 1 + 1 + -6 + 10.
-2
What is the value of -1 - 2 - (-15 - -15)?
-3
11 - (-2 - (-2 + 5 + -11))
5
38 + -37 - (-1 + (7 - 0))
-5
5 - 6 - (-5 - 0)
4
What is (-4 + 4 - 7) + 12?
5
Evaluate 3 - (4 + (2 - 4)) - 3.
-2
Calculate -1 - (-8 + (6 - 3)).
4
Evaluate 0 - (-4 - -8 - 9).
5
18 - (-9 + 21 + -3)
9
What is -5 + -2 + 18 + -3?
8
Calculate 0 + 1 + (-26 - -24).
-1
What is (-3 + 15 - 7) + -5?
0
What is -6 + (0 - -2) - -9?
5
Evaluate 8 + (-6 - 0) - 3.
-1
What is 2 + (-6 + 3 - -6) + -1?
4
Calculate 18 + -23 - (-3 + -2).
0
5 + -1 + 3 + -3 + -2
2
-1 + -1 + (-4 - -4)
-2
Evaluate 0 + (2 - 8 - -3).
-3
Calculate -4 + 1 + 9 + -2.
4
Evaluate (-1 - -2) + -2 - 5 - -1.
-5
Calculate -2 - (2 + -2 + -2).
0
What is -4 - (-13 - -5) - 9?
-5
Calculate (-21 - -23) + -3 + 1.
0
Evaluate -1 - (3 - (-2 - (-7 + 6))).
-5
What is -2 + 2 - (-4 - 1)?
5
What is the value of 8 - (2 + (-5 - -5))?
6
What is 0 + -4 + (-16 - -27)?
7
Evaluate 2 + -6 + (5 - -1).
2
What is the value of (-4 - -10) + -3 - (4 + -1)?
0
What is the value of -7 + (-6 - -15) + -1?
1
What is the value of -6 - (3 - (5 - 3))?
-7
What is 2 - ((2 - -1) + (3 - 0))?
-4
6 - ((-5 - 1) + 8 + -2)
6
1 + (0 - 5 - (-3 - 0))
-1
What is (2 - 2) + 9 + -17?
-8
Calculate -8 + (0 - (-7 + 11)) + 3.
-9
What is (2 - 9) + 15 - 11?
-3
What is the value of 17 + -1 - (-54 + 63)?
7
What is the value of 1 - (4 + -2 - (-1 + -2))?
-4
5 - 15 - (-1 - 1)
-8
9 + (-1 - -6 - 11)
3
Evaluate (4 - 14 - (-3 + -1)) + 3.
-3
What is the value of -3 + 2 + 4 - 4 - -5?
4
Calculate (6 - 0) + (-24 - (-14 - 7)).
3
What is the value of (-21 - -21) + (0 - 0)?
0
Calculate 0 + -4 + 4 - -2.
2
Calculate 23 - 38 - (-12 - 0).
-3
Calculate -1 - (-11 + 19 - 6).
-3
Evaluate -5 - (2 + -5) - -5.
3
Evaluate -5 + -1 + (-14 - -7) + 7.
-6
What is the value of -3 - (1 - 3 - 1)?
0
What is the value of (4 - (-3 - (-3 - 5))) + 4?
3
What is the value of -2 + (4 - (-2 - 1)) + -4?
1
What is 27 - 29 - (-6 + -1)?
5
What is (16 - 9) + (3 + 5 - 4)?
11
Evaluate (12 - 0) + -6 - 3.
3
7 - (5 + 3 + 0 - 2)
1
1 + (0 - (8 + 1)) - -3
-5
What is -4 - (-10 - (-2 + 0))?
4
5 - (-2 + 6 + 1)
0
What is -1 - ((-13 - -3) + 4)?
5
What is (44 - 51) + (-2 - -15)?
6
Evaluate 8 - 14 - (2 + -2).
-6
Evaluate 0 - (-4 + -1 - (-4 - 1)).
0
5 - (-2 - 2 - -10) - -5
4
What is the value of -1 + -6 - (-3 - (2 - 3))?
-5
What is the value of (-2 - (-3 + 4)) + 0?
-3
What is (3 - 1 - -2) + 1 + -1?
4
What is the value of -3 + -7 + (12 - 5 - 1)?
-4
-3 + -11 + 4 + 2 + 5
-3
Evaluate (1 + -2 - -2) + -5.
-4
Calculate -4 - -2 - -11 - (15 - -3).
-9
Evaluate (-2 - (11 + -16)) + -1 + 1.
3
0 - 4 - (1 + -7)
2
What is the value of 0 + (-2 - -6) + 25 + -28?
1
What is (1 - (6 + -7)) + (3 - 0)?
5
What is 6 + -2 + -1 + 2 + -1?
4
5 + -4 + 0 + 0
1
Calculate 10 - (-3 + 2 + 7) - 2.
2
What is the value of -2 - (-8 + 6 + (0 - 1))?
1
What is (5 + -5 - -10) + -6?
4
What is -5 - (-1 + -6 + 0)?
2
What is the value of 3 + (-9 - -4) + 3?
1
Calculate (6 - -1) + (4 - 14).
-3
What is (0 - -5) + -4 + 2?
3
-2 + -5 + (5 - 2)
-4
Calculate 2 + 1 + (0 - 2) + -4.
-3
What is 3 + (4 + -10 - (-4 + 1))?
0
What is the value of -17 + (5 - -5) + 1 + 9?
3
What is the value of -4 + (-4 + 9 - (3 + -4))?
2
-3 + -8 + 19 + -12
-4
Calculate 175 + -180 - (-19 + 1 - -2).
11
Evaluate -1 + (0 - -7) - (4 - 3).
5
-4 - (-4 + 8 + -3)
-5
What is the value of 2 + 3 + -10 + 1?
-4
-9 + (-9 - -7 - -7)
-4
Calculate (5 - 7 - 0) + 1 + 10.
9
Calculate 2 - 8 - 0 - 0.
-6
10 + -11 + -5 + 9
3
What is 8 + 0 + -4 + -4?
0
Evaluate -22 + 14 + 18 + -3.
7
What is the value of -4 - (4 + -1) - -3 - 1?
-5
What is the value of -1 + 2 + -4 - -1?
-2
What is -3 + (6 - (16 - 6)) - -3?
-4
What is (-6 - -1) + 0 + 1?
-4
What is the value of -5 + (7 - (-12 - -4))?
10
What is -1 - (-5 + 8 + (-1 - 1))?
-2
What is the value of -54 - -53 - (4 + 0)?
-5
Calculate 7 + 2 + -7 - 5.
-3
-3 - (-15 + 5) - 5
2
Evaluate 2 + 1 + -3 + (0 - -1).
1
Calculate -6 - 0 - (3 - 6).
-3
2 - (0 - (5 - 5))
2
Calculate (75 - 77) + 0 + 1 + 1.
0
What is the value of -2 + -3 + 0 + 1?
-4
-5 - (-6 + (4 + -8 - -7))
-2
Calculate 4 + -12 + 8 - -2.
2
What is the value of 9 - 8 - (5 - 5)?
1
What is 1 + (-5 - (-3 - 0))?
-1
Evaluate (1 - (-6 - -1)) + -10 - 3.
-7
Evaluate (0 - (1 - 3)) + (-17 - -13).
-2
What is -1 + -2 + (-6 - (0 - 5))?
-4
What is -7 + (5 - (-8 + 3))?
3
What is -3 + 5 - (-1 - -4)?
-1
What is the value of 19 + -10 + 2 - 17?
-6
What is 1 - 4 - (-3 + 9 + -6)?
-3
Evaluate 5 + (6 - 4) - (-2 - 0).
9
(5 - 10) + 6 + 1 + -2
0
What is the value of -6 + 6 + (2 - (-1 + 5))?
-2
What is 59 + -59 + (-2 - -1 - -2)?
1
What is -4 - (2 + (7 - (5 - 1)))?
-9
What is (-16 - -14) + (1 - -1 - 2)?
-2
3 + -5 + -3 + 4 + -5
-6
What is (-1 - 0) + (41 - 34)?
6
0 + (3 - -2 - 4) + -3
-2
What is (75 - 68) + (0 - 10)?
-3
What is the value of -5 + 5 - (8 - (3 + 1))?
-4
What is the value of -1 - -3 - 6 - -9?
5
What is the value of 2 - (0 + 2 + (-8 - -12))?
-4
Evaluate 3 - (20 + -34 - (-1 + -7)).
9
Calculate -11 + 0 + 1 - (-73 + 68).
-5
Calculate (-19 - -7) + (16 - 1).
3
(2 - 2) + 4 + -1
3
Calculate -8 - (2 - (-1 - -6)).
-5
What is 2 - (4 - -1) - (17 + -13)?
-7
Evaluate 14 + (8 - 16) - 3.
3
Evaluate -1 + (-4 + 6 - -5) + -1.
5
Evaluate -3 + 1 - -3 - (0 - -1).
0
Evaluate (-3 - -2 - (13 + -8)) + 1.
-5
What is -5 - ((-7 - -2) + -1)?
1
What is 0 - 3 - (-36 - -31)?
2
Evaluate (-3 - (2 - 1)) + 6.
2
(-3 - -6 - 8) + 3 + -5
-7
Evaluate (10 - 0) + -13 - (-1 + -1).
-1
-6 + 7 + 5 + -4 + 6
8
What is the value of 1 + -6 + (94 - 86)?
3
What is 3 - ((-1 - -3) + 1)?
0
6 - (6 + (0 - 5) + -1)
6
-5 - -8 - (1 + -1 + 0)
3
What is the value of -3 + 5 + -2 + 5?
5
-4 + (-3 - (12 - 12))
-7
What is -5 + 12 + -3 + 1?
5
2 + -2 + 0 - (0 - 5)
5
Evaluate (-7 - 1) + 1 + (-494 - -493).
-8
Evaluate -1 + (-14 + 7 - -11).
3
-3 + (17 - -4 - 12)
6
Calculate (-3 - -1) + -2 + 2.
-2
Evaluate -23 + 24 - (3 + (0 - -1)).
-3
-10 - (-13 + (10 - 2))
-5
What is the value of 6 + 5 + -5 + 1 + -1?
6
-3 + (3 - (1 + 0 + 2))
-3
What is (1 - 3) + -5 + 10 + -8?
-5
Evaluate 1 - 1 - (-4 - -1 - 0).
3
What is (-2 - -2 - -7) + -2?
5
What is the value of (-44 - -45) + 1 + 0 + -1?
1
Evaluate 3 + 2 - (4 + 2).
-1
-2 - -5 - -2 - 11
-6
6 - 11 - (3 + -4)
-4
Evaluate -32 + 23 + (6 - 1) + 0.
-4
What is the value of 12 - (-13 - -28) - (-2 + -1)?
0
Evaluate 5 - -1 - (-6 - -8) - 1.
3
Calculate 2 - -1 - 11 - -4.
-4
What is the value of 0 + (1 - (0 + -3 + 5))?
-1
Evaluate -3 + (-8 - -2 - -8).
-1
Calculate 69 + -56 - (4 + 15).
-6
Evaluate (19 - (20 + 0)) + (0 - -3).
2
Calculate -2 - (-49 - -44 - (-5 - 0)).
-2
What is (-4 - -10) + (-2 - 1)?
3
What is the value of (3 - 3 - 1) + 1?
0
5 + (-8 - -10) - 9
-2
Calculate 4 - ((2 - 1) + 10).
-7
Evaluate 6 + 0 + (-4 - 0).
2
What is the value of 3 + 1 + (-2 - 0) - -2?
4
(-5 - -4) + (-6 + 2 - -11)
6
What is -7 - ((-1 - 0) + 3 + -5)?
-4
Evaluate 0 + 2 + -8 + 11.
5
6 + -5 + 1 + 1 - 0
3
What is the value of (-4 - -1) + 3 - -2?
2
What is -9 - -1 - (9 - 17 - 5)?
5
What is the value of -1 + 2 + 0 + 6 + -5?
2
11 + -5 + -7 - -4
3
Evaluate -1 - (4 + 0 + -3 - -2).
-4
What is the value of -2 + 4 + -11 + 9?
0
Evaluate 6 + -5 - (-4 - -4).
1
-7 - (-1 - (-1 - -1))
-6
Evaluate 2 + 2 + 5 + -14.
-5
What is 4 - (-8 + 12) - (7 - 0)?
-7
(1 - 4) + -1 + 3
-1
What is 165 + -167 + (11 - 1)?
8
What is -1 - (-1 + 4) - (0 + -2)?
-2
What is (12 - (0 + 7)) + -5?
0
Evaluate 0 - (-9 - -2) - 